 + 3*z**3 - 11*z**2/2 - 2. What is the units digit of x(m)?
0
Let v(j) = j**2 - 4*j + 1. Let x(z) = 2*z**2 + 3*z + 3. Let l be x(-2). Let y be ((-36)/(-30))/(1/l). What is the units digit of v(y)?
3
Let j be -1*-2*17 + -1. Let i be ((-12)/8)/(6/(-20)). Suppose -3*z - y + 17 = 0, -j - 2 = -5*z - i*y. What is the units digit of z?
5
What is the units digit of ((-2450)/(-15))/((-4)/(-6)) + -3?
2
Let u = -3 + 2. Let o be (u + 0/(-3))*-3. What is the units digit of (2/o)/(4/30)?
5
What is the tens digit of (106/4)/(6/36)?
5
What is the tens digit of -1 + 27 - (3 - 6)?
2
What is the units digit of 2/(-5) - 5302/(-55)?
6
Let y(o) = o**2 - 6*o - 9. Suppose 2*f + 0 = -5*i - 7, 4*f - 2*i - 46 = 0. What is the tens digit of y(f)?
1
Suppose 4*w + 0 = 4. What is the units digit of 2 + -1 - (w + -12)?
2
Let w(q) = -q**2 - 16*q - 18. What is the units digit of w(-14)?
0
What is the units digit of 4 - (-5 + 4)*-1?
3
Let r(a) = 2*a**3 - 25*a**2 - 8. Let o(m) = m**3 - 13*m**2 - 4. Let c(p) = 7*o(p) - 4*r(p). Let u be c(9). Suppose -35 + 3 = -u*w. What is the units digit of w?
8
Suppose 8*c = -0*c + 64. What is the units digit of c?
8
Suppose 0 = 3*h + 6 - 30. Suppose -a + 1 + 2 = 0. Let z = h - a. What is the units digit of z?
5
Suppose 0 = 2*o - 5*o + 9. Let a = o - 0. What is the units digit of a?
3
Let q = 149 - 85. What is the tens digit of q?
6
Let w(u) = -u**3 + 10*u**2 + 12. Let z be ((-8)/(-24))/(1/30). What is the units digit of w(z)?
2
What is the units digit of 28 + 16/4 + -3?
9
Let m = 33 - 23. Suppose -66 = -4*b + m. What is the tens digit of b?
1
Let h(f) = 6*f - 2. Let l = -1 + 3. Let m be h(l). Suppose 2 + m = 4*z. What is the units digit of z?
3
Let g be 12/6 + 1 + 2. Suppose g*b + 5*o - 44 = 86, 73 = 3*b + 2*o. What is the units digit of b?
1
Let i = 0 - -2. Let p be i + -1 + (-34)/(-2). What is the units digit of 2/5 + p/5?
4
Suppose 2*o = -2*o + 36. What is the units digit of o?
9
Let w(i) = -i**2 - 3*i + 4. What is the units digit of w(-3)?
4
Let q be (-5)/(-20) - 6/(-8). Let x = 10 + q. What is the units digit of x?
1
Suppose -3*u = 2*f - 10, 4*u + 0*u = -4*f + 12. Suppose u*c + c = 105. Let j = c - 15. What is the units digit of j?
6
Let u = -23 + 25. Suppose -5*s = -u*v - 15, 0 = -5*s + s + 20. What is the units digit of v?
5
Let l = -68 - 133. What is the tens digit of l/(-9) + 1/(-3)?
2
What is the units digit of (-404)/(-12) + 12/9?
5
Suppose -5*k - 15 = -3*z, k + 9 = -5*z + 34. Suppose k = r + 3 - 20. Suppose -r = -3*l + 4. What is the units digit of l?
7
Let f = 5 - 11. Let w = f + 16. What is the units digit of w?
0
Let r be (-2 + 1 + 0)*9. Let v(c) = c**2 - 4*c - 4. Let i be v(4). What is the units digit of i/2 - (r - -1)?
6
Let z(m) = m**2 + m - 2. Let f be z(-6). Let u = f - 19. What is the units digit of u?
9
Suppose 3*p - 9*p = -90. What is the units digit of p?
5
Let a = -205 - -403. What is the units digit of a?
8
Suppose -7*b = -9*b + 6. What is the units digit of (b/(-2))/((-3)/44)?
2
Suppose -5*x - a + 2 = 178, 4*x = 4*a - 160. What is the tens digit of (x/15)/((-2)/10)?
1
Let d = 17 - 10. Let y(h) = h**2 - 8*h + 10. Let n be y(d). Suppose n*a - 5*a + 4 = 0. What is the units digit of a?
2
Suppose 2*l = 5*v + 173, -4*v = 3*l - l - 164. What is the tens digit of l?
8
Let c be (-26)/6 + 1/3. Let t be (26/(-8))/(5/(-20)). Let m = t + c. What is the units digit of m?
9
Let z(i) = i**2 - 4*i - 4. Let x = 2 + 2. Suppose v = -2*c + 11, -x*c + 20 = v + 3*v. What is the units digit of z(c)?
8
Suppose 3*u - 45 = -5*l - 0*l, 38 = 3*l + 4*u. Suppose -m = 4 - l. What is the units digit of m?
2
Let a(n) = -15*n - 17. What is the units digit of a(-6)?
3
Let d = -112 + 254. What is the units digit of d?
2
Let q(a) = 9*a**2 - 5*a + 9. What is the units digit of q(-5)?
9
Suppose 5*n = -0*j + j + 15, 0 = j. Suppose 4*k = -h - 2*h + 21, n*k + 21 = 3*h. What is the units digit of h?
7
Let f be 6/12 - (-26)/4. Suppose f = s - 9. What is the tens digit of s?
1
Let x be -1 + 2 - (-2)/2. Suppose 0 = 2*k + x*k - 4. What is the units digit of k?
1
Let m(q) = -1 + 2*q + 6 + 7 - q. What is the units digit of m(0)?
2
Let i(m) = -2*m**3 - 3*m**2 - 6*m - 1. What is the tens digit of i(-3)?
4
Let z be 1/(-3) - 22/6. Suppose -30 = -q - 3*g, -3*q - q + 3*g = -45. What is the units digit of (-20)/q*30/z?
0
What is the units digit of ((36/15)/(-3))/(2/(-130))?
2
Let s(l) = 4*l**2 + 11*l - 12. What is the hundreds digit of s(-11)?
3
Let s = -1 - -7. What is the units digit of 3/(-6)*-2*s?
6
Let c = 45 + -28. What is the tens digit of c/(-2)*(-4)/2?
1
Suppose -z - 2*z + 19 = -2*l, 2*z - 2 = -4*l. Let h = -3 + z. What is the units digit of h?
2
Suppose -4*v = -2*l + v + 109, 4*l - 278 = -2*v. What is the units digit of l?
7
Suppose -2*t = 3*h + 3, 3*t + 1 = -2*h + h. Suppose -w + 31 = -t*i - 2*i, -4*w = 4*i - 88. What is the tens digit of w?
2
Suppose -r + 7 = -26. Suppose -5*n = r + 37. What is the units digit of n/(-7) - (-2)/2?
3
Let y = 6 - -107. Suppose 3*z - y = -41. What is the units digit of z?
4
Suppose -47 = -a + 12. What is the units digit of a?
9
Suppose -3*a - 2*a = -715. Suppose -33 = -c + p - 4, 0 = -5*c + 3*p + a. What is the units digit of c?
8
Let z = 32 + -20. What is the units digit of z?
2
Let r(g) = -g**2 - 6*g + 5. What is the units digit of r(-6)?
5
Let b(o) = o**3 - 7*o**2 + 5*o + 2. Let l be b(6). What is the tens digit of (-2 - l)/((-2)/(-13))?
1
Suppose -5*r + t + 342 + 62 = 0, 3*r - 2*t = 241. What is the tens digit of r?
8
Let k(d) be the second derivative of d**4/4 + d**3/2 - 3*d. Let t be k(-4). Suppose -2*m + t = m. What is the units digit of m?
2
Let l = 16 - 6. What is the units digit of (12/l)/(2/35)?
1
Suppose -11*h - t = -10*h, 4*h + 3*t = 1. What is the units digit of h?
1
Suppose -i - 2*w + 42 = 0, -2*w = -w - 4. What is the units digit of i?
4
Let l = 12 - 4. Suppose 0 = 4*c + l, -b - 4*b = 4*c - 152. What is the units digit of b?
2
Let n(f) = -5*f - f**3 + 0*f**3 + 3 - 2 + 3*f - 3*f**2. What is the units digit of n(-2)?
1
Let k = -38 + 65. What is the units digit of ((-4)/6)/((-6)/k)?
3
Let f(o) = -o**3 + 8*o**2 + 9*o + 8. What is the units digit of f(9)?
8
Suppose -3*x + 6*x - 104 = -4*q, 104 = 4*q + 4*x. What is the units digit of q?
6
Suppose 50 = -5*t + 135. What is the tens digit of t?
1
Suppose -2*z - 76 = -v - z, -3*z = -4*v + 304. What is the tens digit of v?
7
Let m = 3 - 8. Let h(l) = -4 - 2*l + 0 + 0*l. What is the units digit of h(m)?
6
Suppose 4*x - 4 = -0*x. What is the units digit of x/(((-2)/1)/(-14))?
7
Let u = 10 - 2. What is the units digit of u?
8
Let u(r) = 6*r**2 - 5*r + 1. What is the units digit of u(-3)?
0
Let f(g) = -6 - 2*g**2 + g**2 - 13*g + 2. What is the units digit of f(-6)?
8
Let b(d) = -8*d - 42. What is the units digit of b(-12)?
4
Suppose 2*b - 5*l - 15 = -b, 0 = -4*b + 5*l + 15. Suppose 2*x - 6*x + 16 = b. What is the units digit of x?
4
Let d(m) = -m + 17. What is the tens digit of d(-13)?
3
Suppose 514 = 3*j - 224. What is the hundreds digit of j?
2
Let j be (2 - 2)/(0 + 1). Suppose f + 4*d + 17 = j, 17 = -5*d - 3. What is the units digit of -21*-2*f/(-3)?
4
Suppose 0 = w - 6 + 1. Suppose 135 = -0*t + w*t. What is the tens digit of t?
2
Suppose k - 13 - 26 = 0. What is the tens digit of k?
3
Let j be ((-6)/10)/(1/(-5)). Suppose j*w = -0*w + 270. Suppose -5*l + 2*z + w = 0, -6*l + 2*l + z + 69 = 0. What is the tens digit of l?
1
Let u = 125 - 90. What is the tens digit of u?
3
Suppose -3*s - 2*s + 90 = 0. Suppose -i + w - 3*w = -s, -33 = -i - 5*w. What is the units digit of i?
8
Let s(l) = l**2 + 11*l. Let w be s(-6). What is the units digit of ((-2)/6)/(2/w)?
5
Suppose -76 - 104 = -4*p. What is the tens digit of p?
4
Let v(q) = 2*q - 7. Let a be v(6). Suppose -a*h - 8 = -h. Let g = 1 - h. What is the units digit of g?
3
Let t be (-14)/((-2)/20*4). Let z = -21 + t. What is the tens digit of z?
1
Suppose 0 = 3*a + 2*z - 229, 204 = 3*a - z - 2*z. What is the units digit of a?
3
Suppose v = -3*v - 4. Let z be v*(-3)/6*-4. What is the units digit of -1 + 4*(-1)/z?
1
Suppose -3*i + 13 = 2*y, -4*i + 3*i + 26 = 5*y. Let a be 5 + -2 - (-1 - i). What is the units digit of (7 - a)*2/4?
1
Suppose -6*q + 192 = -2*q. Let h = -15 + q. What is the units digit of h?
3
Let n be (-37)/(-2) + (-2)